common factor of 7 and x.
7
Let n = -22 + 148. Let l be (-1*3 - -2)*-18. What is the greatest common factor of l and n?
18
Let s be (8/6)/((-6)/(-243)). What is the greatest common factor of 6 and s?
6
Let t(i) = 9*i + 19. Let c be t(8). What is the highest common divisor of c and 13?
13
Let q = 42 + -24. Suppose 0 = 2*i + 3*g - 69, -3*i + 61 = -i - 5*g. Suppose 2*b + 3*o + i = 3*b, 65 = b + 5*o. What is the greatest common factor of b and q?
9
Let j(p) = p**3 + 8*p**2 - 23*p + 12. Let k be j(-10). What is the highest common factor of k and 14?
14
Let k(q) = q**2 - 6*q - 4. Let z be k(7). Let d = 22 - 18. Suppose -d*b - 7*f + 44 = -z*f, 0 = -5*b + 4*f + 19. What is the greatest common divisor of 35 and b?
7
Let h(t) = 8*t - 9. Let r(d) = 57*d - 63. Let o(k) = -15*h(k) + 2*r(k). Let j be o(-6). What is the highest common factor of 18 and j?
9
Let n be (-4)/2 + -10 + 0. Let g be (-4)/(-16) + (-105)/n. What is the greatest common divisor of 18 and g?
9
Let l be 1/(3/3*1). Let q(i) = 8*i - 2*i**2 + 3*i**2 - 3*i - l. Let z be q(-6). Calculate the highest common divisor of z and 5.
5
Let t be 8 + (-2 - (2 + -3)). Calculate the greatest common factor of t and 77.
7
Let b be (-81)/(-3) + (-4)/(-2)*-1. What is the highest common factor of b and 5?
5
Let x(v) = -v**3 + v - 66. Let w be x(0). Let j = w - -92. What is the highest common divisor of j and 104?
26
Suppose 0 = -4*f - 3*n + 28, f + 5*n = 3*f + 12. Calculate the highest common divisor of f and 6.
2
Let j(y) = -y + 6. Let p be j(6). Let q be 3/(-4)*(-216 + p). Calculate the highest common factor of 18 and q.
18
Let g(m) = -44*m + 3. Suppose 12 = 3*l - 3, -4*w + 8 = 4*l. Let h be g(w). What is the greatest common divisor of 15 and h?
15
Let x(g) = 0*g + g + 5 - 2*g - 3 + 2*g**2. Let w be x(-2). Suppose -2*k + 26 = 2. What is the greatest common divisor of k and w?
12
Let x(t) = 3*t**2 - t + 10. Let a be x(-3). What is the highest common factor of 16 and a?
8
Let m = -50 - -34. Let z = m - -61. Let q = z - -18. Calculate the highest common divisor of q and 42.
21
Let p be (96/(-10))/(6/(-20)). Suppose -p = -3*g + 124. What is the highest common divisor of 13 and g?
13
Suppose 9*h - 256 = 329. Calculate the greatest common divisor of h and 26.
13
Let c(g) = -7*g**3 + 2*g**2 + g. Let v be c(-1). Suppose 0*j - 5*j = -60. Calculate the highest common divisor of v and j.
4
Let q(p) = -7*p + 1. Let b be q(-2). Let c be (-1 - 0)/((-10)/30). What is the highest common divisor of b and c?
3
Let j be -5 + 97 - (-3 + 0 - -5). What is the highest common factor of 30 and j?
30
Suppose 158 = t + 2*p, -2*t - 320 = -4*t - 5*p. What is the highest common factor of 50 and t?
50
Suppose 60*j = 64*j - 72. What is the highest common factor of j and 144?
18
Let d = 31 - 18. Calculate the greatest common factor of d and 91.
13
Let a(q) = -q**3 + q**2 - 1. Let m(f) = -f**3 + 4*f**2 - 4*f - 1. Let b(o) = 2*a(o) - m(o). Let s be b(-4). What is the greatest common factor of s and 75?
15
Suppose 0*y + 176 = 4*y. Suppose -5*h = 3*d - 43, 5*d = 3*h + 2*h - 75. What is the greatest common divisor of y and h?
11
Let n be (-1 - 4/(-6))/(7/(-21)). Calculate the highest common divisor of 8 and n.
1
Let f(v) be the third derivative of v**4/12 + v**3/2 + 8*v**2. Let h be f(4). What is the greatest common factor of 44 and h?
11
Suppose 4*m = -0*m - 5*l + 361, 0 = -2*l + 10. Suppose t = 3*t - 142. Suppose 20 = 4*q, -13 = 4*a + 2*q - t. What is the highest common factor of m and a?
12
Let u = 1 - 4. Let d = 30 - u. Suppose 3*w - 2*g - d = 0, w - 6 = -w - 4*g. What is the greatest common factor of 6 and w?
3
Suppose 0 = -2*g - 5 + 1. Let z = 1 - g. Suppose -z*b + 231 = -0. What is the highest common divisor of 7 and b?
7
Let f = 1 - 4. Let j = f - -5. What is the highest common factor of j and 18?
2
Let w be 0 - -2 - 1*9. Let k = 0 - w. Calculate the greatest common divisor of k and 1.
1
Suppose 4*r = k + 10, 50 = 5*k + r + 4*r. Suppose 4*u = -4*v + 20 + 36, u - 74 = -5*v. What is the highest common divisor of v and k?
3
Let u = -31 + 49. Suppose -5*i + 13 = -17. What is the highest common factor of i and u?
6
Suppose f + 28 = 2*t, 2*f - f - 2 = 0. Calculate the greatest common divisor of 60 and t.
15
Let s be (-1)/(-16)*-2 + 2052/32. Calculate the highest common factor of 16 and s.
16
Suppose -39 = 2*l - 3*l. Let k = -23 + l. What is the greatest common divisor of k and 16?
16
Suppose -88 = -5*i + 162. Calculate the greatest common factor of i and 125.
25
Let p(u) = u**3 + 4. Let b be p(0). Let m(w) = 6 - 3 + 3*w - 2 - 7. Let l be m(b). What is the highest common factor of 4 and l?
2
Let t = 21 + -7. Suppose -2*q = -t - 14. Calculate the greatest common divisor of q and 14.
14
Suppose 2*w - 2*g - 2 = 3*w, 2*w - 14 = 2*g. Suppose -4 = 14*f - 18*f. What is the highest common divisor of w and f?
1
Let j be (1 + 1)*(-12)/(-8). Suppose 5*p - 5*b = 130, -p - 76 = -j*p - 4*b. Calculate the highest common factor of p and 75.
15
Suppose 0 = -q + 1 + 1. What is the highest common factor of q and 4?
2
Suppose -3*j - 4*v - 21 = 32, -4*v - 15 = j. Let c = -13 - j. What is the highest common divisor of c and 6?
6
Suppose -2*w - 9 = 5*b, 25 = -w + 6*w + 3*b. Calculate the highest common divisor of w and 20.
4
Let t be (42 + -2)*(-52)/(-8). Calculate the greatest common divisor of t and 26.
26
Suppose -5*u + 2*d + 36 = 0, 2*d + 3 = -3. Let z = -3 + u. Suppose -f + 20 = z*f. Calculate the greatest common factor of 40 and f.
5
Let b(z) = -3*z**3 + 7*z**2 + z + 2. Let u be b(-3). Calculate the highest common factor of u and 13.
13
Let k be 15/(-3)*(-36)/(-5). Let r be 8*2/(-10)*5. Let p be k/2*20/r. Calculate the highest common factor of 9 and p.
9
Let g(s) = -2*s. Let k(i) = i**2 - 8*i - 1. Let m be k(8). Let d be g(m). Let c be (12*d/(-2))/(-1). What is the greatest common factor of 48 and c?
12
Let j be ((-2)/4*2)/1. Let n be 2/j - 3*-3. Let p = -17 + 24. What is the highest common divisor of p and n?
7
Suppose -251 = -4*c + 189. Calculate the highest common factor of c and 10.
10
Let a(d) = d**2 - 15*d + 28. Let t be a(19). Calculate the greatest common divisor of t and 26.
26
Let q(p) = 17*p + 2. Let l be q(2). Suppose l = 2*d - 3*f + 8, 16 = -4*f. Suppose -3*y + d = -4. What is the highest common factor of y and 36?
4
Let r be -1*(2*10)/(-2). Suppose r = 3*b + 2*b. Suppose 4*s - 3*p - 27 = b*s, -2*s + 29 = -5*p. What is the greatest common divisor of s and 84?
12
Suppose -8*i + 325 = -347. What is the highest common factor of i and 12?
12
Let l be 20/6*(-15)/(-2). Let q = l - -20. Calculate the greatest common divisor of q and 5.
5
Suppose -m - 13 = -0*m + 4*y, 2*y + 24 = 2*m. Let s(n) = 2*n - 20. Let f be s(17). Calculate the highest common factor of m and f.
7
Let g = 93 - 43. Suppose 0 = x + x - g. Calculate the highest common factor of x and 5.
5
Suppose 4*a + 0*a - 56 = 0. What is the greatest common factor of a and 56?
14
Let c = -8 + 9. What is the highest common divisor of c and 5?
1
Let l be (-57 - 2)/((-2)/(-2)). Let d = l + 137. Suppose -5*o - d = -4*r + 131, 2*o - 6 = 0. Calculate the highest common factor of r and 7.
7
Let d(s) = s. Let g(v) = v**3 + 9*v**2 - 7*v + 8. Let i(l) = 6*d(l) + g(l). Let x be i(-9). What is the highest common divisor of x and 17?
17
Suppose 33 = 2*s - 1. Let u = 24 - -10. What is the greatest common factor of s and u?
17
Let m be 102/18*3 + 2/2. Calculate the highest common divisor of m and 6.
6
Let y be 23/7 - 2/7. Suppose 0 = 5*a - 87 - y. Let n(c) = -c**3 - 4*c**2 - c + 2. Let k be n(-4). What is the highest common divisor of k and a?
6
Suppose 4*r - 6*r = -144. Let n be (r/(-14))/((-2)/7). What is the greatest common divisor of n and 90?
18
Suppose 0 = -2*n + 20 + 72. Suppose j + 7*d = 2*d - 55, j = 4*d - n. Let l be j/(-4) + (-4)/8. What is the greatest common divisor of l and 6?
6
Suppose 2*m - o - 53 = -3*m, 0 = 4*m + 5*o - 25. What is the greatest common factor of m and 30?
10
Let a(b) = -b**3 - 6*b**2 - 6*b + 1. Let p be a(-5). Suppose 0 = -d - d - p. Let o be 3/((d/21)/(-1)). Calculate the greatest common divisor of 7 and o.
7
Let d(j) = -2*j**3 + j**2 - 3*j - 2. Let z be d(-3). Let y = z + -48. Calculate the highest common factor of y and 33.
11
Let x = 8 + 5. Calculate the greatest common fact